s digit of l(13)?
3
Suppose 4*f - 4*k - 609 = 195, -2*k = f - 216. Suppose -122 = -4*l + f. What is the tens digit of l?
8
Suppose -1 = -4*b + 95. Suppose j + 2*v = b, j = -j - 3*v + 53. What is the tens digit of j?
3
Let o be ((-2)/4)/((-1)/(-4)). Let g be (12/10)/(o/(-5)). Suppose d - 148 = -g*d. What is the units digit of d?
7
What is the hundreds digit of 9/15 + (-207456)/(-40)?
1
What is the units digit of (108/(-90))/((-3)/50)?
0
Suppose -5*g = 3*v - 80, -3*g + 37 = -0*g + 4*v. Let a = 55 - g. What is the tens digit of a?
3
Let j = 21 + -20. Let q be 39/13*j/(-3). What is the tens digit of (-41)/(-2 - q) + -4?
3
Suppose 2*z = -c + 1554, -5*c - 3679 + 11449 = -3*z. What is the tens digit of c?
5
Let v = 431 - -954. What is the tens digit of v?
8
Let i be (-7)/(-28) + (-30)/(-8). Suppose i = 5*g - 11. Suppose -5*t = -4*o + 57, 4*o + g*t = -t + 84. What is the tens digit of o?
1
Suppose -8744 = -2*q - 2*n, -53*q - n = -57*q + 17463. What is the hundreds digit of q?
3
Suppose -42*b + 44*b = 84. What is the units digit of b?
2
Let r(n) = -n**3 + 26*n**2 + 40*n + 37. What is the units digit of r(12)?
3
Let d(t) = t**2 - 6*t + 2. Let q be d(6). Let n be (-1)/((-2)/1725*(-10)/16). What is the units digit of q/(-7) + n/(-28)?
9
Let j = 603 + -198. What is the units digit of j?
5
Suppose -3*b + 21 = 9. What is the units digit of (-3)/(-12) + 527/b?
2
Let l = -65 - -57. What is the units digit of (-5)/(-20)*950*l/(-10)?
0
Suppose 2*n + 0*n = 2*w + 4, -2 = w + 4*n. What is the units digit of (-60)/2*w/4?
5
Suppose -5*n - 4*b = -33, -n = 3*b - b - 3. Let m = n - 28. Let y = 51 + m. What is the units digit of y?
2
Let l(w) be the second derivative of w**3/6 + w**2/2 - 2*w. Let c be l(-1). Suppose -5*t - 16 + 111 = c. What is the tens digit of t?
1
Suppose z + 6*z = 4858. What is the tens digit of z?
9
Let t(u) = -2*u + 28. Let i be t(-12). What is the units digit of 1344/i - 2/(-13)?
6
Let g = -29 - -106. Let w = g + -37. Suppose 7*r = 2*r - k + 143, -4*k = r - w. What is the tens digit of r?
2
Let s(k) = -k**3 + 13*k**2 + k - 9. Let a be s(13). Suppose 3*l - 17 = -5*r, 0*l - 4*l = 2*r - a. Suppose -r*y - 18 = -114. What is the tens digit of y?
2
Let i = 132 - -103. What is the units digit of -6*(2 + i/(-10))?
9
Let x = 1194 - 554. What is the tens digit of x?
4
Let k = -329 - -987. What is the hundreds digit of k?
6
Let a be (-4 + (-3604)/6)*-3. Suppose 7*p - 321 = a. What is the units digit of p?
5
Suppose 0 = -48*t - 33*t + 189297. What is the units digit of t?
7
Let x be (-6)/(-27) + 174/(-54). Suppose -3*h + 11 - 2 = 0. What is the units digit of 1 - 3/h*x?
4
What is the hundreds digit of 1*(-4)/(-2)*(-6830)/(-5)?
7
Let j(b) = -160*b + 4. Let z be j(3). What is the tens digit of (-4)/6 + z/(-12)?
3
Let m(f) = -25*f + 1 - f**3 + 5*f**2 + 3 + 20*f. Let l be m(3). What is the tens digit of (-310)/(-7) - 2/l?
4
Let z = -88 + 52. What is the tens digit of 4/z - (-867)/27?
3
Let z(s) = -s - 17. Let t be z(-19). Suppose -5*n - 4*d = -715, d - 121 = -t*n + 162. What is the tens digit of n?
3
Let u be (4/4*0)/1. Suppose u = -4*g + 7*g - 81. What is the units digit of g?
7
Let k(f) = -f**3 + f**2. Let i(j) = -2*j + 5. Let l be i(3). Let m(s) = -7*s**2 + 7*s - 4. Let o(z) = l*m(z) + k(z). What is the tens digit of o(5)?
4
What is the units digit of 1 + (-36)/28 - (-844)/14?
0
Suppose 0 = c - 5*q + 12, 4*c - 2*q = -0*c + 24. Let y(i) = -32*i**2 + 2 + 34*i**2 - c + 8*i. What is the tens digit of y(-6)?
1
Let r(k) = 5*k**2 - 32*k - 2. What is the tens digit of r(-15)?
0
Let u = 931 + -848. What is the units digit of u?
3
Suppose 0 = -3*x + 4*o + 241, x - 76 = -2*o + 21. What is the tens digit of x?
8
Let l(q) = -q**3 - q**2 + 2*q - 6. Let i = 20 + -23. What is the units digit of l(i)?
6
Let c(y) = 4*y - 4. Let o be c(1). Suppose 14*x - 15*x + 197 = o. What is the units digit of x?
7
What is the units digit of -10 - (0 + 2)*-456?
2
Let y(k) = 189*k**2 + 3. What is the units digit of y(-1)?
2
Let r(a) = -2*a + 1. Let i be r(-1). Suppose -3*o + 95 = 5*x + o, -i*x - 3*o = -57. Let z = x - 5. What is the units digit of z?
4
Let a = 137 + 1805. What is the tens digit of a?
4
Let m = 9 - 2. Suppose 2*f - m*f = 0. Suppose f = b - 5*b + 184. What is the tens digit of b?
4
Let d(w) be the second derivative of w**3 - 5*w**2/2 - 11*w. What is the tens digit of d(14)?
7
Let j(c) = -3*c - c**3 + 4*c**2 + 32 - 32. Let q be j(2). Suppose -6*w + 3*v + 40 = -q*w, 4*w - 60 = -2*v. What is the units digit of w?
3
What is the units digit of (9024/160)/((-2)/(-25))?
5
Let p be ((-289)/68)/(1/(-8)). Suppose -p = -y + 44. What is the units digit of y?
8
Suppose -7487 = -2*o - k, -4*k - 6802 - 4412 = -3*o. What is the hundreds digit of o?
7
Let x(o) = -64*o - 15. What is the units digit of x(-8)?
7
Suppose 1 = k - 11. Suppose -u = 3*s + 2, 4*u - 4*s - 12 = k. Let b(q) = 5*q - 6. What is the tens digit of b(u)?
1
Let p(y) be the first derivative of 5*y**2/2 + 31*y + 31. What is the tens digit of p(4)?
5
Let s be (-4)/3*(-6)/4. Let r(d) = 9 - 4*d**s + 0 - d**2 + 9*d - d**3 + 1. What is the units digit of r(-7)?
5
Suppose 5 = -u, 5*y + 15*u - 12845 = 14*u. What is the units digit of y?
0
Suppose -2*r - 18 = -x, -4*x + 2*r = 3*r - 45. What is the units digit of x?
2
Suppose -v = 4*v + 450. What is the hundreds digit of (-3 - (-10)/6)*v?
1
Suppose 12*b = 4*n + 7*b - 1394, -2*n = b - 690. What is the hundreds digit of n?
3
Suppose 2*u - 3*u + 1400 = 0. What is the hundreds digit of u?
4
Suppose 0 = 15*x - 10*x - 1815. What is the tens digit of x?
6
Suppose 0 = -15*u + 124 + 1901. What is the hundreds digit of u?
1
Suppose -4*h + 316 = 4*j - 1000, -3*j = 2*h - 989. What is the tens digit of j?
3
Suppose 0 + 10 = 2*u. Suppose 41 - 6 = u*l. Suppose 3*j - l*j = -16. What is the units digit of j?
4
Suppose 41*z - 49678 = 10100. What is the hundreds digit of z?
4
What is the tens digit of 8552/10 - 10/50?
5
Suppose a + 11 = 5*b - 0*a, -2*a = -4*b + 10. Suppose 29 = 2*v + u, v + 0*v = -b*u + 19. Let s = v + 7. What is the tens digit of s?
2
Suppose 8 = 5*i - 317. Suppose -2*v = 4*b - 46, b - 5*v = 6*b - i. What is the units digit of b?
0
Let j = 39 - 36. Suppose -7*g = -j*g - 144. What is the tens digit of g?
3
Let f = -12 - -23. Let i(z) be the second derivative of 2*z**3/3 - 2*z**2 + 7*z. What is the tens digit of i(f)?
4
What is the tens digit of 1/((-141075)/(-94014) - 3/2)?
4
Let c = 26 + -26. Let p(j) = j**2 - 8. Let m be p(-6). What is the tens digit of 1*1*m - c?
2
Suppose -141*j = -125*j - 12576. What is the units digit of j?
6
Let c(s) = -18*s**3 - 4*s + 1. Let l be c(2). Let i = l + 256. What is the tens digit of i?
0
Let f(s) = -s**3 - 8*s**2 - 10*s - 4. Let o = 1 + -8. What is the units digit of f(o)?
7
Let q = 81 + -81. Suppose q = 34*r - 36*r + 286. What is the tens digit of r?
4
Let a(n) = 3*n**2 + 10*n + 24. What is the units digit of a(-13)?
1
Suppose 4*y + 16 = 4*b, 2*b + 4*y = -3*b + 11. Suppose b*l + 4*k = 67, -4*l + 4*k - 101 = -9*l. Let u = l + -7. What is the units digit of u?
0
Suppose -4*z - 20 = 0, -3*d + 3*z - z + 37 = 0. What is the units digit of d?
9
Suppose 5*z - z - 12 = -3*h, -z + h + 3 = 0. Let s be (z/3)/((-1)/(-2)). Suppose 4*k + 4*g - 52 = 0, s*k + 4*g - 11 = 13. What is the units digit of k?
4
Suppose 0 = -3*l - 0 + 27. Let n = l + -4. What is the units digit of n?
5
Let s(x) = -2*x**2 - 3*x + 6*x + 0*x + 6*x**2 + 2. What is the units digit of s(3)?
7
Suppose 5*n - 50 = -420. Let f = 171 + n. What is the tens digit of f?
9
Suppose -2*w + w + 3*p + 15 = 0, -4*w - 3*p + 15 = 0. Let z(o) = 2*o**2 - 14*o + 12. Let m be z(w). Suppose m = -3*h + 32 + 70. What is the tens digit of h?
3
Suppose -4 = -6*o + 2*o. Let u = o - -19. Suppose -18 = -2*i + u. What is the units digit of i?
9
Suppose 0 = -3*i - y + 75, i - 3*y + 50 = 3*i. Suppose -3 - 9 = 4*x. Let j = i - x. What is the tens digit of j?
2
Suppose -3*a = 7*a - 1440. Suppose -12*c - a = -16*c. What is the units digit of c?
6
Let t be (4 - -1)/(-1*(-1)/2). What is the units digit of 90*(9/10 + (-4)/t)?
5
Let s(z) be the third derivative of z**4/8 + z**3/6 - 2*z**2. Let a be s(1). Suppose 6 + a = 5*o. What is the units digit of o?
2
Suppose -2*d - 93 + 355 = -4*z, 2*d - 260 = 5*z. Let m be 3/6 + d/(-18). What